he greatest common factor of 5 and l.
5
Suppose -9*b - 8153 + 42506 = 0. What is the greatest common divisor of 33 and b?
11
Let s = -767 - -804. Calculate the greatest common factor of s and 2997.
37
Suppose -t + 212 = 200. Suppose t - 33 = -3*k. Calculate the greatest common divisor of 63 and k.
7
Let f be (-77)/(-1) - (-6)/2. Let i be ((-818)/4)/(3/6*-1). Suppose -g - 459 - 544 = -5*n, 2*n - 3*g = i. Calculate the greatest common divisor of f and n.
40
Let m be (64/(-12))/(18 - 6064/336). What is the greatest common factor of m and 1264?
16
Let d(o) = 3579*o - 1609. Let h be d(3). Calculate the greatest common divisor of 70 and h.
14
Let r(u) = -24*u + 117. Let k be r(-13). Let m = k + -276. What is the greatest common factor of 34 and m?
17
Suppose 889*t = 1015*t - 1238076. Calculate the greatest common divisor of 170 and t.
34
Let j = 37 + -17. Suppose 35 = 4*t + t. Let c be ((-230)/35 - -8)/(1/t). Calculate the greatest common divisor of c and j.
10
Let n(i) be the third derivative of 7*i**5/60 - 13*i**4/8 - 13*i**3/2 - 4*i**2. Let s be n(-1). Calculate the greatest common factor of 301 and s.
7
Suppose 77 = -4*o + 21. Let w be 5/(5/2)*7/o. Let q be (25 + -26)*1*20/w. What is the highest common divisor of q and 110?
10
Suppose 4*f - 10 = 26. Let r be (-36)/7*(322 - 329). Calculate the highest common factor of f and r.
9
Let z be ((-3)/6)/((-3)/4746). Suppose -2*v + s + z = 0, -5*v + 1749 = -3*s - 228. Let g = v - 236. What is the highest common divisor of 20 and g?
20
Let k = -274 - -278. Let d = -26 - -30. Suppose q + d*q = 80. What is the greatest common divisor of q and k?
4
Let r = -7 - -11. Let d = -155 + -115. Let w be (-24900)/d + 4/(-18). What is the highest common divisor of r and w?
4
Suppose -25*v + 307 = -93. Let r = 19 - 19. Let y be r - 2 - 28/(-2). What is the highest common divisor of v and y?
4
Let b = 26617 + -26344. Calculate the highest common divisor of 8385 and b.
39
Suppose -378 - 247 = -15*a - 325. Calculate the highest common factor of a and 3620.
20
Let p = 3448 - 2650. What is the highest common factor of 42 and p?
42
Let b(h) = -38*h + 920. Let o be b(-35). Calculate the highest common factor of 40 and o.
10
Let g(y) = y**2 + 9*y + 6. Let k be g(-8). Suppose -10*o = 8*o + 2610. Let q be o/((-4)/(-8)*k). What is the greatest common divisor of 29 and q?
29
Let j = -16780 + 16814. Suppose 0 = -n + 32 + 206. Calculate the greatest common factor of j and n.
34
Let t(o) = -196*o**3 + 14*o**2 + 21*o + 6. Let j be t(-1). What is the greatest common divisor of j and 663?
39
Let m be ((-1)/5 - 66/220)*36. Let i be (-2*2/(-4))/((-3)/m). Calculate the highest common divisor of i and 6.
6
Suppose -3*k - 1330 = 7*k. Let w = -121 - k. Calculate the greatest common factor of 6 and w.
6
Let d(h) = -2*h**3 + 71*h**2 - 36*h + 290. Let r be d(35). Suppose 2*m - 30 = -0. Calculate the highest common divisor of r and m.
15
Let s(n) = 58*n - 301. Let p be s(6). What is the greatest common divisor of p and 3807?
47
Suppose -260 = 3*b + 2*l - 1960, -3*b + 5*l + 1693 = 0. What is the highest common divisor of b and 8?
2
Let f = 4964 - 2788. Calculate the highest common factor of 34 and f.
34
Let s be (5 - (-8 - -14))/(85724/(-12246) + 7). What is the highest common divisor of s and 156?
39
Let c be (-6144)/(-9)*(-225)/(-100). What is the highest common divisor of c and 156?
12
Let z(o) = 5*o**3 - o**2 + o - 8. Let i be z(-3). Let r = i - -419. Calculate the highest common factor of r and 60.
12
Let p(j) = -j**3 - 7*j**2 + 12*j + 21. Suppose -s + 17 = -2*d, -d = -0*s - s + 8. Let u be p(d). What is the highest common divisor of 1200 and u?
75
Suppose -2*g + 200 = 4*k, 3*g = -2*k - 110 + 434. What is the highest common factor of g and 4718?
14
Suppose -7*v = 3 + 1348. Let g = v - -376. What is the greatest common divisor of g and 122?
61
Let p(l) = -17*l + 1273. Let i be p(39). Calculate the greatest common divisor of 793 and i.
61
Let n(r) = -r**2 - 3*r + 4. Let h be n(8). Let g = -9 + h. Let y = g + 121. Calculate the highest common factor of y and 112.
28
Let m be 2483/(-52) - (1 + 7/(-4)). Suppose 174 = -j + 4*j. Let x = j + m. What is the greatest common divisor of 33 and x?
11
Suppose -119*v = -114*v - 155. Suppose -15*r + v*r - 1184 = 0. What is the highest common factor of r and 148?
74
Let k(z) = -z**2 + 15*z + 16. Let p be k(15). Let m(j) = j**2 - 13*j - 38. Let c be m(p). What is the highest common divisor of 10 and c?
10
Suppose -2*l + f - 103 = -4*f, -4*l = 5*f + 191. Let p(z) = 4*z - 36. Let v be p(-12). Let n = l - v. Calculate the greatest common factor of 5 and n.
5
Let g = 878 + -830. Suppose b = 4*r - 1730, 0 = -3*r - 4*b + 212 + 1076. What is the highest common factor of r and g?
48
Let t(p) = 5*p**2 + p - 6. Let c be t(-8). Let a = -5316 - -5350. What is the highest common divisor of a and c?
34
Let p = 318 - 318. Suppose 5*w - 4*t - 22 = p, 0 = 12*t - 9*t - 6. Calculate the greatest common divisor of 69 and w.
3
Suppose 3*m + 5*i = 1402, 44*m - 47*m + 1386 = -3*i. What is the greatest common factor of 9628 and m?
116
Suppose -3*t + 2539 - 19 = 0. Let x = -423 + t. Let u be (-9)/(-12) - x/(-4). What is the highest common divisor of u and 42?
21
Let m(v) = v**2 + 10*v + 9. Let t be m(-21). Let g be (-44)/(-10)*t/16. Calculate the greatest common factor of g and 165.
33
Let j = -824 + 6889. Calculate the highest common divisor of j and 5.
5
Let g = -2560 + 2596. Calculate the greatest common divisor of g and 492.
12
Let k(b) = b**3 + 9*b**2 - 10*b + 19. Let a be k(-10). Suppose -4*m + 1098 - 262 = 0. What is the highest common divisor of a and m?
19
Let f(c) = 81*c - 139. Let t be f(9). Suppose 3*r - t = 2*g, 3*r + g = 5*r - 395. Let k = -16 + 56. What is the highest common divisor of r and k?
40
Suppose -527 = -94*i + 4361. Calculate the highest common divisor of 1495 and i.
13
Let f = 41789 + -41777. Calculate the greatest common factor of 1083 and f.
3
Let x = 22437 - 22367. What is the highest common divisor of 2044 and x?
14
Let m = -2089 + 2109. What is the highest common factor of 2150 and m?
10
Let r(m) be the first derivative of -13*m**2/2 - 24*m - 151. Let z be r(-3). What is the greatest common factor of z and 39?
3
Suppose -119 = q - 15. Suppose -n - n = 68. Let u = n - q. Calculate the highest common factor of u and 175.
35
Let l(r) = r**2 + 0*r**2 + 2*r**2 - 5*r + 2*r. Let g be l(2). Suppose -330 = -18*t + 13*t. What is the highest common divisor of g and t?
6
Let o = 5505 - 5498. What is the greatest common factor of 294 and o?
7
Let y be 20/6*(-162)/135 - 3. Let v(t) = t**2 + 18*t + 84. Let f be v(y). What is the highest common divisor of 1 and f?
1
Let f be (10 - 8)*9/6. Suppose -13*w + 16*w - 27 = -f*r, 14 = 2*w + r. Calculate the highest common factor of 25 and w.
5
Suppose 18093 = 138*l - 28157 - 17920. What is the highest common divisor of 992 and l?
31
Let i(g) = g**3 + 19*g**2 - 22*g - 40. Let l be i(-20). Suppose 2*k - 4 - 12 = l. What is the greatest common divisor of 2 and k?
2
Suppose 1321*l = 392*l + 116125. Suppose -2*x + x = 7. Let b = 18 - x. Calculate the greatest common factor of b and l.
25
Let f(v) = -v**3 + 13*v**2 + 22*v - 85. Let r be f(10). Calculate the greatest common factor of 135 and r.
15
Let m = 272 - 174. Suppose -14*d = -4*x - 17*d + 381, x - 2*d - m = 0. Suppose 0 = 5*v + 144 - 384. Calculate the greatest common divisor of v and x.
48
Let w = -1689 - -1024. Let b = w + 974. What is the highest common divisor of 3 and b?
3
Suppose -351*v + 18067 = -5131 - 670. Calculate the greatest common factor of 92 and v.
4
Let o(y) = y**3 + 6*y**2 - 2*y - 9. Suppose 0 = 7*u + 35 + 7. Let x be o(u). Suppose -7*z + 74 - 53 = 0. What is the greatest common divisor of z and x?
3
Let f(i) = -i**3 + 9*i**2 - 15*i + 7. Let d be f(8). Let a = d + 154. Calculate the greatest common factor of a and 30.
15
Suppose 3*j + 36 = 3*x, -2*j - 3*j + 10 = 2*x. Suppose 16*s = 13*s - 258. Let g = -66 - s. What is the greatest common divisor of x and g?
10
Suppose -2371 = 51*z - 2626. What is the greatest common divisor of z and 710?
5
Let u = 10 + -1. Suppose -953 = 4*c - 593. Let b be ((-6)/(-9))/(5/c)*-3. Calculate the highest common factor of u and b.
9
Let h = -331 - -467. Suppose 5*o + 5*d = o +